{"id":68,"date":"2026-03-12T03:06:11","date_gmt":"2026-03-12T03:06:11","guid":{"rendered":"https:\/\/cecysapien.com\/?page_id=68"},"modified":"2026-03-13T12:22:28","modified_gmt":"2026-03-13T18:22:28","slug":"appsrap","status":"publish","type":"page","link":"https:\/\/cecysapien.com\/index.php\/appsrap\/","title":{"rendered":"IT, Web y Realidad Aumentada"},"content":{"rendered":"\n<p>El c\u00f3digo y la tecnolog\u00eda son para m\u00ed otra forma de contar historias. Cada aplicaci\u00f3n, cada proyecci\u00f3n, cada experiencia inmersiva nace de la frontera entre lo real y lo imaginado.<\/p>\n\n\n\n<p>e interesa que el espectador no solo mire, sino que se sienta dentro de un espacio que lo envuelve, que juegue y descubra. Mis proyectos mezclan programaci\u00f3n, sonido y visuales para abrir universos interactivos que dialogan con quien los habita.<\/p>\n\n\n\n<p>As\u00ed como la frontera mezcla culturas, mis creaciones mezclan arte y tecnolog\u00eda: aplicaciones web que invitan a la curiosidad, instalaciones que despiertan cercan\u00eda y realidades aumentadas que inspiran nuevas formas de conexi\u00f3n. Cada experiencia es un puente hacia mundos compartidos.<\/p>\n\n\n\n<hr class=\"wp-block-separator has-alpha-channel-opacity\"\/>\n\n\n\n<iframe loading=\"lazy\" src=\"\/wp-content\/uploads\/poema.html\" width=\"100%\" height=\"800\" style=\"border:none;\"><\/iframe>\n\n\n\n<figure class=\"wp-block-embed alignright is-type-rich is-provider-spotify wp-block-embed-spotify wp-embed-aspect-21-9 wp-has-aspect-ratio\"><div class=\"wp-block-embed__wrapper\">\n<iframe title=\"Spotify Embed: Los Cinco Horribles\" style=\"border-radius: 12px\" width=\"100%\" height=\"152\" frameborder=\"0\" allowfullscreen allow=\"autoplay; clipboard-write; encrypted-media; fullscreen; picture-in-picture\" loading=\"lazy\" src=\"https:\/\/open.spotify.com\/embed\/show\/3rG4dRFI6V0GZKbtAjhLS3?si=3dd3e4ee415e4081&amp;utm_source=oembed\"><\/iframe>\n<\/div><\/figure>\n\n\n\n<hr class=\"wp-block-separator has-alpha-channel-opacity\"\/>\n","protected":false},"excerpt":{"rendered":"<p>El c\u00f3digo y la tecnolog\u00eda son para m\u00ed otra forma de contar historias. Cada aplicaci\u00f3n, cada proyecci\u00f3n, cada experiencia inmersiva nace de la frontera entre lo real y lo imaginado. e interesa que el espectador no solo mire, sino que se sienta dentro de un espacio que lo envuelve, que juegue y descubra. Mis proyectos [&hellip;]<\/p>\n","protected":false},"author":1,"featured_media":0,"parent":0,"menu_order":0,"comment_status":"closed","ping_status":"closed","template":"","meta":{"footnotes":""},"class_list":["post-68","page","type-page","status-publish","hentry"],"_links":{"self":[{"href":"https:\/\/cecysapien.com\/index.php\/wp-json\/wp\/v2\/pages\/68","targetHints":{"allow":["GET"]}}],"collection":[{"href":"https:\/\/cecysapien.com\/index.php\/wp-json\/wp\/v2\/pages"}],"about":[{"href":"https:\/\/cecysapien.com\/index.php\/wp-json\/wp\/v2\/types\/page"}],"author":[{"embeddable":true,"href":"https:\/\/cecysapien.com\/index.php\/wp-json\/wp\/v2\/users\/1"}],"replies":[{"embeddable":true,"href":"https:\/\/cecysapien.com\/index.php\/wp-json\/wp\/v2\/comments?post=68"}],"version-history":[{"count":7,"href":"https:\/\/cecysapien.com\/index.php\/wp-json\/wp\/v2\/pages\/68\/revisions"}],"predecessor-version":[{"id":212,"href":"https:\/\/cecysapien.com\/index.php\/wp-json\/wp\/v2\/pages\/68\/revisions\/212"}],"wp:attachment":[{"href":"https:\/\/cecysapien.com\/index.php\/wp-json\/wp\/v2\/media?parent=68"}],"curies":[{"name":"wp","href":"https:\/\/api.w.org\/{rel}","templated":true}]}}