{"id":25,"date":"2026-03-11T22:21:35","date_gmt":"2026-03-11T22:21:35","guid":{"rendered":"https:\/\/cecysapien.com\/?page_id=25"},"modified":"2026-03-11T23:15:27","modified_gmt":"2026-03-11T23:15:27","slug":"sobre-mi","status":"publish","type":"page","link":"https:\/\/cecysapien.com\/index.php\/sobre-mi\/","title":{"rendered":"Sobre mi"},"content":{"rendered":"\n<hr class=\"wp-block-separator has-alpha-channel-opacity\"\/>\n\n\n\n<p class=\"has-text-align-left has-small-font-size\">Soy Cecilia, crec\u00ed en la frontera M\u00e9xico\u2013EUA, y aqu\u00ed encontr\u00e9 mi manera de crear: mezclando lo que vivo con lo que imagino.<\/p>\n\n\n\n<p class=\"has-text-align-left has-small-font-size\"><em>Entre idiomas, paisajes y culturas, aprend\u00ed que la creatividad es tambi\u00e9n un puente<\/em>.<\/p>\n\n\n\n<details class=\"wp-block-details is-layout-flow wp-block-details-is-layout-flow\"><summary>Ver mas<\/summary>\n<p class=\"has-text-align-left\">Me form\u00e9 como Maestra en Direcci\u00f3n e Ingenier\u00eda de Sitios Web (UNIR M\u00e9xico, 2019). <\/p>\n\n\n\n<p class=\"has-text-align-left\">Adem\u00e1s de mi experiencia en el campo de IT con dise\u00f1o web y aplicaciones en distintos entornos, he orientado mi camino profesional hacia \u00e1reas creativas.<\/p>\n\n\n\n<figure class=\"wp-block-image alignleft size-medium is-resized\"><img loading=\"lazy\" decoding=\"async\" width=\"290\" height=\"300\" src=\"https:\/\/cecysapien.com\/wp-content\/uploads\/2026\/03\/Ceci5redes-scaled-e1773265853616-290x300.jpg\" alt=\"\" class=\"wp-image-15\" style=\"aspect-ratio:1.3333333333333333;object-fit:cover;width:231px;height:auto\" srcset=\"https:\/\/cecysapien.com\/wp-content\/uploads\/2026\/03\/Ceci5redes-scaled-e1773265853616-290x300.jpg 290w, https:\/\/cecysapien.com\/wp-content\/uploads\/2026\/03\/Ceci5redes-scaled-e1773265853616-989x1024.jpg 989w, https:\/\/cecysapien.com\/wp-content\/uploads\/2026\/03\/Ceci5redes-scaled-e1773265853616-768x795.jpg 768w, https:\/\/cecysapien.com\/wp-content\/uploads\/2026\/03\/Ceci5redes-scaled-e1773265853616-1484x1536.jpg 1484w, https:\/\/cecysapien.com\/wp-content\/uploads\/2026\/03\/Ceci5redes-scaled-e1773265853616.jpg 1536w\" sizes=\"auto, (max-width: 290px) 100vw, 290px\" \/><\/figure>\n\n\n\n<p class=\"has-text-align-left\">Desde 2005 soy parte de la compa\u00f1\u00eda Tel\u00f3n de Arena A.C., donde he trabajado en m\u00e1s de 40 montajes teatrales, explorando el dise\u00f1o sonoro, la producci\u00f3n y la gesti\u00f3n de proyectos culturales y tecnol\u00f3gicos. He tenido la oportunidad de colaborar en obras de gran formato como <em>Safari en Ju\u00e1rez<\/em> (Coproducci\u00f3n M\u00e9xico\u2013Holanda, 2016), <em>Deconstrucciones o de c\u00f3mo enterrar sin escarbar<\/em> (2016), y participar en iniciativas internacionales como el registro fotogr\u00e1fico de <em>Frozen Cities to Survive The End of The World<\/em> en el Festival Cuadrienal de Praga (2015). Tambi\u00e9n he formado parte del equipo de Producci\u00f3n del Festival Internacional Chihuahua (2017, 2018) y coordinado la convocatoria Red de Teatros Chihuahua de la Secretar\u00eda de Cultura (2018\u20132025).<\/p>\n\n\n\n<p>Mi camino se ha nutrido de talleres de programaci\u00f3n en distintas herramientas de IT, gesti\u00f3n cultural y de proyectos, producci\u00f3n, fotograf\u00eda, iluminaci\u00f3n y entrenamiento actoral. Todas estas experiencias han ampliado mi mirada y mi forma de crear.<\/p>\n\n\n\n<p>Hoy me encuentro explorando nuevas rutas: el dise\u00f1o multimedia con t\u00e9cnicas de <strong>videomapping (2025)<\/strong>, la creaci\u00f3n de <strong>experiencias inmersivas<\/strong> y la <strong>realidad aumentada proyectada (2026)<\/strong>. Cada proyecto es para m\u00ed un puente: entre lo real y lo imaginado, entre lo personal y lo colectivo, siempre con la intenci\u00f3n de despertar curiosidad, cercan\u00eda e inspiraci\u00f3n.\u201d<\/p>\n<\/details>\n","protected":false},"excerpt":{"rendered":"<p>Soy Cecilia, crec\u00ed en la frontera M\u00e9xico\u2013EUA, y aqu\u00ed encontr\u00e9 mi manera de crear: mezclando lo que vivo con lo que imagino. Entre idiomas, paisajes y culturas, aprend\u00ed que la creatividad es tambi\u00e9n un puente.<\/p>\n","protected":false},"author":1,"featured_media":0,"parent":0,"menu_order":0,"comment_status":"closed","ping_status":"closed","template":"","meta":{"footnotes":""},"class_list":["post-25","page","type-page","status-publish","hentry"],"_links":{"self":[{"href":"https:\/\/cecysapien.com\/index.php\/wp-json\/wp\/v2\/pages\/25","targetHints":{"allow":["GET"]}}],"collection":[{"href":"https:\/\/cecysapien.com\/index.php\/wp-json\/wp\/v2\/pages"}],"about":[{"href":"https:\/\/cecysapien.com\/index.php\/wp-json\/wp\/v2\/types\/page"}],"author":[{"embeddable":true,"href":"https:\/\/cecysapien.com\/index.php\/wp-json\/wp\/v2\/users\/1"}],"replies":[{"embeddable":true,"href":"https:\/\/cecysapien.com\/index.php\/wp-json\/wp\/v2\/comments?post=25"}],"version-history":[{"count":8,"href":"https:\/\/cecysapien.com\/index.php\/wp-json\/wp\/v2\/pages\/25\/revisions"}],"predecessor-version":[{"id":36,"href":"https:\/\/cecysapien.com\/index.php\/wp-json\/wp\/v2\/pages\/25\/revisions\/36"}],"wp:attachment":[{"href":"https:\/\/cecysapien.com\/index.php\/wp-json\/wp\/v2\/media?parent=25"}],"curies":[{"name":"wp","href":"https:\/\/api.w.org\/{rel}","templated":true}]}}